the highest common divisor of 571416 and 25752.
696
Calculate the greatest common divisor of 5354257 and 1007.
19
What is the highest common divisor of 1809 and 3101220?
27
What is the highest common divisor of 92 and 2664619?
23
Calculate the highest common factor of 150 and 67145475.
75
What is the highest common factor of 132306148 and 52?
52
What is the greatest common divisor of 50626 and 84673474?
2978
Calculate the greatest common factor of 74939216 and 242.
22
What is the highest common divisor of 1194759 and 5076?
9
What is the highest common factor of 2805 and 1688093?
11
Calculate the highest common divisor of 10689 and 154749.
21
Calculate the highest common factor of 6 and 8538.
6
What is the highest common divisor of 1038 and 231569496?
1038
What is the highest common divisor of 16 and 17016920?
8
What is the greatest common factor of 322 and 48296122?
14
What is the greatest common divisor of 2088 and 2421144?
72
Calculate the highest common divisor of 104 and 10759268.
52
Calculate the greatest common factor of 722 and 87693037.
361
Calculate the highest common divisor of 63 and 39338985.
21
What is the greatest common divisor of 182 and 18985096?
26
What is the highest common divisor of 94552 and 16914104?
1784
What is the highest common divisor of 3951 and 89541?
9
What is the greatest common factor of 220725 and 41856?
327
Calculate the greatest common factor of 342795541 and 121.
121
Calculate the highest common factor of 35030 and 3010320.
1130
What is the highest common divisor of 1092155 and 85?
5
What is the highest common divisor of 346 and 54353?
1
Calculate the greatest common divisor of 48827 and 979680.
157
What is the highest common factor of 375783540 and 1980?
660
Calculate the highest common factor of 24646644 and 654.
654
What is the highest common divisor of 19284 and 2257284?
12
What is the highest common divisor of 5860 and 2899235?
1465
What is the greatest common divisor of 13204458 and 162?
162
Calculate the highest common factor of 296101444 and 68.
68
What is the greatest common divisor of 65234807 and 44?
11
What is the greatest common factor of 133885278 and 2124?
1062
Calculate the greatest common factor of 16020 and 1053.
9
Calculate the greatest common factor of 661221 and 972.
9
Calculate the highest common factor of 360 and 1847025.
45
What is the greatest common divisor of 139552272 and 54?
18
What is the highest common factor of 106517164 and 12424?
6212
What is the highest common divisor of 773929501 and 614?
307
Calculate the highest common divisor of 7054115 and 5.
5
Calculate the greatest common factor of 587938 and 18772.
26
Calculate the greatest common factor of 2528 and 1939046784.
2528
Calculate the greatest common divisor of 456 and 430104.
24
What is the greatest common divisor of 47489 and 1428323?
3653
Calculate the greatest common divisor of 65349 and 342963.
477
What is the highest common divisor of 14 and 1344791616?
14
Calculate the greatest common factor of 24 and 188648.
8
What is the greatest common divisor of 6115 and 3006134?
1223
Calculate the highest common divisor of 141 and 576450441.
141
Calculate the highest common factor of 14 and 500842300.
14
What is the highest common divisor of 122064 and 379776?
48
Calculate the greatest common divisor of 705 and 34798545.
15
Calculate the greatest common factor of 26 and 19864429.
13
Calculate the greatest common factor of 1440 and 261803250.
90
What is the highest common divisor of 5548 and 326762?
38
Calculate the greatest common divisor of 200 and 1013195.
5
Calculate the highest common factor of 1965 and 96276485.
655
What is the highest common divisor of 7 and 484511629?
7
Calculate the greatest common divisor of 675 and 142530.
15
What is the highest common factor of 2115 and 658235?
235
Calculate the highest common factor of 544568 and 2744.
8
Calculate the greatest common factor of 87342606 and 211.
211
Calculate the highest common divisor of 12376451 and 11852.
2963
Calculate the highest common factor of 45 and 6251955.
15
Calculate the greatest common factor of 390 and 8763430.
130
Calculate the highest common divisor of 14539 and 3246351.
2077
What is the highest common divisor of 4665381 and 525?
21
Calculate the highest common divisor of 27852 and 2472920.
844
Calculate the greatest common factor of 312991170 and 120.
30
Calculate the highest common factor of 40 and 6441020.
20
What is the highest common factor of 9704330 and 90?
10
What is the highest common divisor of 1043515 and 5060?
55
Calculate the greatest common divisor of 10278487 and 1.
1
Calculate the highest common divisor of 60 and 891690.
30
What is the highest common factor of 10387624 and 468?
52
Calculate the highest common divisor of 284184 and 84.
12
Calculate the greatest common divisor of 36 and 39063444.
12
Calculate the highest common divisor of 347474 and 183890.
142
What is the highest common divisor of 463762 and 1066?
26
What is the highest common divisor of 3927904 and 144298?
1874
What is the greatest common factor of 540829413 and 46556?
11639
Calculate the highest common divisor of 48 and 19165692.
12
What is the greatest common factor of 10340 and 100265?
55
Calculate the highest common divisor of 1522078 and 190638.
3026
What is the highest common divisor of 38648581 and 6?
1
Calculate the highest common factor of 4023964 and 137.
137
Calculate the greatest common factor of 2091 and 3346297.
697
What is the highest common divisor of 327702377 and 1739?
1739
Calculate the highest common factor of 24 and 20533392.
24
What is the greatest common divisor of 87712 and 933344?
32
Calculate the highest common factor of 230371 and 9095.
107
Calculate the greatest common divisor of 114 and 159061863.
57
What is the greatest common divisor of 37375 and 1073525?
575
Calculate the greatest common divisor of 6544 and 1055824.
16
Calculate the highest common divisor of 209910203 and 218841.
10421
What is the greatest common divisor of 1438823992 and 7816?
7816
What is the highest common factor of 4784826 and 16356?
174
What is the highest common factor of 31097311 and 287?
287
Calculate the greatest common divisor of 48400 and 14456200.
2200
What is the highest common factor of 442629 and 884?
17
Calculate the greatest common divisor of 319 and 73225.
29
Calculate the greatest common divisor of 82890485 and 5.
5
Calculate the greatest common divisor of 9468875 and 390.
65
Calculate the highest common factor of 243338865 and 1155.
1155
Calculate the greatest common divisor of 202258926 and 2034.
2034
Calculate the highest common factor of 1860 and 3559092.
12
What is the highest common factor of 3304 and 2259110?
826
What is the highest common factor of 19584 and 74112?
384
What is the greatest common factor of 25338 and 59286?
246
What is the highest common divisor of 45 and 55604490?
15
Calculate the greatest common factor of 28082943 and 567.
567
What is the greatest common factor of 19925 and 100375?
25
Calculate the greatest common factor of 2254 and 1167227.
23
Calculate the highest common divisor of 812 and 5418966.
14
Calculate the highest common divisor of 4221342 and 9774.
54
Calculate the highest common factor of 156654 and 44766.
54
Calculate the highest common factor of 438 and 18378553.
73
What is the highest common divisor of 361 and 675298?
19
Calculate the highest common factor of 1960 and 24275020.
140
What is the highest common factor of 1225 and 1310575?
175
Calculate the highest common divisor of 16060 and 931040.
220
Calculate the greatest common factor of 568 and 1561410416.
568
Calculate the highest common divisor of 816 and 8945400.
408
Calculate the greatest common divisor of 5232064 and 360064.
1856
What is the highest common factor of 2362 and 343970974?
2362
Calculate the greatest common divisor of 1740 and 893548.
116
What is the greatest common factor of 48854 and 68848?
26
What is the greatest common divisor of 457195872 and 14112?
4704
What is the highest common factor of 965333502 and 8348?
4174
Calculate the highest common factor of 8886505 and 86995.
685
Calculate the greatest common divisor of 743699 and 203269.
187
What is the highest common divisor of 55719 and 14168124?
369
What is the greatest common